54 - -7224?
7278
In base 13, what is 1 - 25b212?
-25b211
In base 7, what is 4 - 21412?
-21405
In base 6, what is -53310 - -311?
-52555
In base 2, what is 1000110011 - 11110101100?
-10101111001
In base 6, what is 3011 + -223?
2344
In base 7, what is -403 + -10123?
-10526
In base 13, what is -4 + 104ca?
104c6
In base 16, what is 1928 + c?
1934
In base 4, what is -1020200 - -1100?
-1013100
In base 12, what is -7274b - 5?
-72754
In base 15, what is -16 - 5dad?
-5dc4
In base 10, what is 12 + 18735?
18747
In base 11, what is 244699 + 6?
2446a4
In base 16, what is -3de20 - 6?
-3de26
In base 6, what is 4052 - 51?
4001
In base 2, what is -1 - 1000001000101000110?
-1000001000101000111
In base 11, what is -3 + 58282?
5827a
In base 8, what is 44 + 1441?
1505
In base 3, what is -1 - -11102111112?
11102111111
In base 12, what is -1735 + -135?
-186a
In base 3, what is 200221011211 + 12?
200221012000
In base 14, what is -75c8 - d?
-75d7
In base 4, what is -2 - 121100121?
-121100123
In base 11, what is -818a + -3?
-8192
In base 3, what is -120 + -1101120020?
-1101120210
In base 8, what is -1 + 1363531?
1363530
In base 14, what is 130c2 - 2?
130c0
In base 8, what is 634745 + 27?
634774
In base 3, what is -100001021 + -10?
-100001101
In base 11, what is -36a - -3376?
3007
In base 4, what is 32201 + -201323?
-103122
In base 7, what is -4 - -1302356?
1302352
In base 11, what is -117a - -46?
-1134
In base 4, what is 0 + -222021?
-222021
In base 7, what is -16143 - 636?
-20112
In base 14, what is -2 - -43363?
43361
In base 14, what is d6d - -27?
d96
In base 11, what is 19 - -1079?
1097
In base 5, what is -1 - 144131?
-144132
In base 7, what is 240362 - -1?
240363
In base 9, what is -2 - -5725?
5723
In base 16, what is 0 + -c325?
-c325
In base 16, what is -4 - -d9d?
d99
In base 9, what is -16274 - 204?
-16478
In base 10, what is -3171 + -6?
-3177
In base 2, what is 111010011110001001 - 11?
111010011110000110
In base 7, what is -262 + 10001?
6406
In base 2, what is -111010 - 10100110101010010?
-10100110110001100
In base 15, what is -b9c66 + 2?
-b9c64
In base 5, what is 1244210 + 1013?
1300223
In base 11, what is -5 - 26388?
-26392
In base 14, what is 5 - -5262?
5267
In base 10, what is 12280 + -2?
12278
In base 4, what is -2010313123 - -10?
-2010313113
In base 5, what is 113300 + 1?
113301
In base 13, what is 59053 + 4?
59057
In base 7, what is 61 - 12?
46
In base 8, what is 15250 + -225?
15023
In base 15, what is -e - -2464d?
2463e
In base 4, what is -222 - -1130021?
1123133
In base 6, what is 1230204 + 2?
1230210
In base 13, what is c7b8 - -11?
c7c9
In base 5, what is 20 - 40304?
-40234
In base 12, what is 6b7 + -a1?
616
In base 8, what is -4 - 1772550?
-1772554
In base 13, what is -9b + 1683?
15b5
In base 14, what is -5 - -575a?
5755
In base 3, what is 0 + -10022210?
-10022210
In base 3, what is -2 + -1101100000?
-1101100002
In base 16, what is 5a65 + -c?
5a59
In base 15, what is -66 - -10a5?
103e
In base 7, what is 22323151 - 3?
22323145
In base 13, what is -3348c + -4?
-33493
In base 12, what is 0 - 2044?
-2044
In base 12, what is 3 + 40538?
4053b
In base 6, what is -2032324 + 4?
-2032320
In base 9, what is 5 - -1668123?
1668128
In base 9, what is -100 - 35780?
-35880
In base 16, what is 11219 + 3?
1121c
In base 4, what is -30003 + 20130?
-3213
In base 4, what is 102313 + -1231?
101022
In base 13, what is 3682 - -24?
36a6
In base 13, what is -2 + -3c98?
-3c9a
In base 3, what is -10102111001 - 10?
-10102111011
In base 8, what is 2355344 - 1?
2355343
In base 4, what is 102 - -111103?
111211
In base 6, what is -1033030 - -20?
-1033010
In base 12, what is -71086 - -1?
-71085
In base 15, what is 17 + 465?
47c
In base 10, what is 98 + -152?
-54
In base 16, what is -3 - 4f5b?
-4f5e
In base 8, what is 0 + -255610?
-255610
In base 5, what is -4102423 - -1?
-4102422
In base 5, what is -1124 - 34422?
-41101
In base 2, what is -10110 - -10111011?
10100101
In base 5, what is 32 + 12302411?
12302443
In base 14, what is -2 - 653aa?
-653ac
In base 13, what is -183c - 5c?
-189b
In base 5, what is 1023 - -11210?
12233
In base 4, what is 1202 - 213020?
-211212
In base 12, what is 0 - 20173?
-20173
In base 12, what is -2 + -43481?
-43483
In base 2, what is 110000011011011111 - -1010?
110000011011101001
In base 9, what is 8 + 15786?
15805
In base 11, what is 332 + -18a?
153
In base 8, what is -23 - 4423?
-4446
In base 7, what is -10222033 - -4?
-10222026
In base 3, what is -11 - -12200011222?
12200011211
In base 3, what is 212 + 11021202?
11022121
In base 7, what is 3 - -5145131?
5145134
In base 10, what is 34 - 11286?
-11252
In base 3, what is -10101220102 - 102?
-10101220211
In base 3, what is -22011122 + 2102?
-22002020
In base 15, what is -4b + -809?
-855
In base 11, what is 365 - 50?
315
In base 12, what is 456b - -16?
4585
In base 5, what is 1011234 + -1004?
1010230
In base 11, what is 14a - 169?
-1a
In base 7, what is -4036 - 122?
-4161
In base 6, what is -3 + -24140?
-24143
In base 7, what is 4 - 26250?
-26243
In base 5, what is -4 - -143031?
143022
In base 3, what is -1221 - 1022022?
-1101020
In base 8, what is 212 + -176?
14
In base 10, what is 1 + 5084?
5085
In base 14, what is -10539 + -b?
-10546
In base 6, what is 145 - 144442?
-144253
In base 2, what is 101 + 111000100010011101?
111000100010100010
In base 13, what is -bc4c - 5?
-bc54
In base 6, what is 41351 - -34?
41425
In base 6, what is -5410 + -14?
-5424
In base 7, what is 12513151 + -1?
12513150
In base 13, what is -378 + -663?
-a0b
In base 7, what is -5 - -11325?
11320
In base 14, what is 1b - -170?
18b
In base 12, what is -22031 - -14?
-22019
In base 14, what is 5587 + -15b?
542a
In base 11, what is 555 + 47?
5a1
In base 5, what is -120033424 - 3?
-120033432
In base 10, what is -1 + 7746?
7745
In base 8, what is 163 + 35?
220
In base 10, what is -127533 + 4?
-127529
In base 10, what is -337692 + -5?
-337697
In base 2, what is 1 + 1000001000000011101?
1000001000000011110
In base 15, what is -2 + -c8b7?
-c8b9
In base 5, what is 13300 - 1313?
11432
In base 5, what is 4 + -32021?
-32012
In base 11, what is -32501 + 1?
-32500
In base 6, what is -2111 + 144?
-1523
In base 12, what is 524 + -76?
46a
In base 15, what is -5 + -6283?
-6288
In base 15, what is 24c - 2ce?
-82
In base 16, what is -11 + -38d3?
-38e4
In base 5, what is 0 + -1133304?
-1133304
In base 7, what is 5 + 11305613?
11305621
In base 13, what is 458 + -9?
44c
In base 15, what is 1 - -c08?
c09
In base 9, what is -164723 - -3?
-164720
In base 9, what is 3580 - -13?
3603
In base 13, what is 2 + 1b8c0?
1b8c2
In base 7, what is -2244 - 2211?
-4455
In base 5, what is 10210 + 200?
10410
In base 4, what is -2231 + 231?
-2000
In base 12, what is 65 + -4a8?
-443
In base 7, what is -5642 - -2452?
-3160
In base 3, what is 10 + 2222110102?
2222110112
In base 4, what is 313130001112 - 1?
313130001111
In base 11, what is -82 - 1641?
-1713
In base 15, what is -459 + 1d?
-43b
In base 11, what is -34180 - 1?
-34181
In base 16, what is -aa7 + f?
-a98
In base 15, what is 3d68 + -1?
3d67
In base 8, what is -11020 + -27?
-11047
In base 2, what is -11 - 1110011101001001100?
-1110011101001001111
In base 14, what is -76 + 13d?
a7
In base 9, what is 3 - 85664?
-85661
In base 2, what is 10010 - -100100011?
100110101
In base 9, what is 2 + -378?
-376
In base 7, what is -4 + -1032?
-1036
In base 4, what is 100222 + 1213?
102101
In base 7, what is 66040 - 11?
66026
In base 12, what is -1b9b3 - -6?
-1b9a9
In base 6, what is -13233 - -5?
-13224
In base 6, what is -52 - 11514?
-12010
In base 8, what is 2 - -22451?
22453
In base 2, what is 10100110001101 + -110011?
10100101011010
In base 9, what is -101 - 287?
-388
In base 15, what is -97 - b6?
-15d
In base 3, what is -220110 - 1000?
-221110
In base 9, what is -247852 - -1?
-247851
In base 7, what is -26040 - 364?
-26434
In base 3, what is -1122111102 - 11?
-1122111120
In base 6, what is 44 + -15451?
-15403
In base 8, what is 146623 - -4?
146627
In base 14, what is 21a + -25d1?
-23b5
In base 6, what is 4 + 25252025?
25252033
In base 12, what is -1195 - 1a?
-11b3
In base 2, what is 11010 + 11011011010011?
11011011101101
In base 5, what is 20 + -10230023?
-10230003
In base 14, what is b - -1281?
128c
In base 12, what is -155 - 82a?
-9